{"id":71,"date":"2016-08-02T17:38:06","date_gmt":"2016-08-02T17:38:06","guid":{"rendered":"http:\/\/localhost:8080\/wordpress\/?page_id=71"},"modified":"2016-08-20T15:44:01","modified_gmt":"2016-08-20T15:44:01","slug":"qui-sommes-nous","status":"publish","type":"page","link":"https:\/\/lasenia.eu\/?page_id=71&lang=fr","title":{"rendered":"Qui sommes nous"},"content":{"rendered":"<p>Histoire<br \/>\nIl y a long- longtemps, nous ne pouvions pas aller de vacances d\u2019\u00e9t\u00e9. Comme j\u2019\u00e9tais un peu triste, mon mari, par ailleurs encore mon copain, me disait que son grand-p\u00e8re avait un champ avec une petite cabane, et peut-\u00eatre on pouvait l\u2019arranger un peu et camper l\u00e0-bas ?   15 ans plus tard, La Senia, qui s\u2019appelait comme ca, est devenue notre maison d\u2019\u00e9t\u00e9, et le champ s\u2019a transform\u00e9 \u00e0 notre jardin. <\/p>\n<p>Mission &#038; Vision<br \/>\nNotre jardin est notre passion : nous avons cr\u00e9\u00e9 un endroit ou nous pouvons nous r\u00e9unir avec les amis et la famille pour des grandes f\u00eates et des diners intimes, ou les enfants peuvent sangler et jouer dehors, et ou on peut s\u2019asseoir une samedi pour le matin avec un caf\u00e9 et vivre la nature.<br \/>\nEn distribuant des articles d\u00e9coratifs pour le jardin et la terrasse, nous voulons aider a autres personnes a cr\u00e9er son endroit parfait pour jouir d\u2019\u00eatre dehors. <\/p>\n","protected":false},"excerpt":{"rendered":"<p>Histoire Il y a long- longtemps, nous ne pouvions pas aller de vacances d\u2019\u00e9t\u00e9. Comme j\u2019\u00e9tais un peu triste, mon mari, par ailleurs encore mon copain, me disait que son grand-p\u00e8re avait un champ avec une petite cabane, et peut-\u00eatre on pouvait l\u2019arranger un peu et camper l\u00e0-bas ? 15 \u2026<\/p>\n<p class=\"continue-reading-button\"> <a class=\"continue-reading-link\" href=\"https:\/\/lasenia.eu\/?page_id=71&#038;lang=fr\">Continue reading<i class=\"crycon-right-dir\"><\/i><\/a><\/p>\n","protected":false},"author":1,"featured_media":0,"parent":0,"menu_order":1,"comment_status":"closed","ping_status":"open","template":"","meta":{"footnotes":""},"class_list":["post-71","page","type-page","status-publish","hentry"],"yoast_head":"<!-- This site is optimized with the Yoast SEO plugin v23.6 - https:\/\/yoast.com\/wordpress\/plugins\/seo\/ -->\n<title>Qui sommes nous - La Senia<\/title>\n<meta name=\"robots\" content=\"index, follow, max-snippet:-1, max-image-preview:large, max-video-preview:-1\" \/>\n<link rel=\"canonical\" href=\"https:\/\/lasenia.eu\/?page_id=71&lang=fr\" \/>\n<meta property=\"og:locale\" content=\"es_ES\" \/>\n<meta property=\"og:type\" content=\"article\" \/>\n<meta property=\"og:title\" content=\"Qui sommes nous - La Senia\" \/>\n<meta property=\"og:description\" content=\"Histoire Il y a long- longtemps, nous ne pouvions pas aller de vacances d\u2019\u00e9t\u00e9. Comme j\u2019\u00e9tais un peu triste, mon mari, par ailleurs encore mon copain, me disait que son grand-p\u00e8re avait un champ avec une petite cabane, et peut-\u00eatre on pouvait l\u2019arranger un peu et camper l\u00e0-bas ? 15 \u2026 Continue reading\" \/>\n<meta property=\"og:url\" content=\"https:\/\/lasenia.eu\/?page_id=71&amp;lang=fr\" \/>\n<meta property=\"og:site_name\" content=\"La Senia\" \/>\n<meta property=\"article:modified_time\" content=\"2016-08-20T15:44:01+00:00\" \/>\n<meta name=\"twitter:card\" content=\"summary_large_image\" \/>\n<meta name=\"twitter:label1\" content=\"Tiempo de lectura\" \/>\n\t<meta name=\"twitter:data1\" content=\"1 minuto\" \/>\n<script type=\"application\/ld+json\" class=\"yoast-schema-graph\">{\"@context\":\"https:\/\/schema.org\",\"@graph\":[{\"@type\":\"WebPage\",\"@id\":\"https:\/\/lasenia.eu\/?page_id=71&lang=fr\",\"url\":\"https:\/\/lasenia.eu\/?page_id=71&lang=fr\",\"name\":\"Qui sommes nous - La Senia\",\"isPartOf\":{\"@id\":\"https:\/\/lasenia.eu\/#website\"},\"datePublished\":\"2016-08-02T17:38:06+00:00\",\"dateModified\":\"2016-08-20T15:44:01+00:00\",\"breadcrumb\":{\"@id\":\"https:\/\/lasenia.eu\/?page_id=71&lang=fr#breadcrumb\"},\"inLanguage\":\"es\",\"potentialAction\":[{\"@type\":\"ReadAction\",\"target\":[\"https:\/\/lasenia.eu\/?page_id=71&lang=fr\"]}]},{\"@type\":\"BreadcrumbList\",\"@id\":\"https:\/\/lasenia.eu\/?page_id=71&lang=fr#breadcrumb\",\"itemListElement\":[{\"@type\":\"ListItem\",\"position\":1,\"name\":\"Portada\",\"item\":\"https:\/\/lasenia.eu\/?lang=fr\"},{\"@type\":\"ListItem\",\"position\":2,\"name\":\"Qui sommes nous\"}]},{\"@type\":\"WebSite\",\"@id\":\"https:\/\/lasenia.eu\/#website\",\"url\":\"https:\/\/lasenia.eu\/\",\"name\":\"La Senia\",\"description\":\"Decorando tu jard&iacute;n\",\"potentialAction\":[{\"@type\":\"SearchAction\",\"target\":{\"@type\":\"EntryPoint\",\"urlTemplate\":\"https:\/\/lasenia.eu\/?s={search_term_string}\"},\"query-input\":{\"@type\":\"PropertyValueSpecification\",\"valueRequired\":true,\"valueName\":\"search_term_string\"}}],\"inLanguage\":\"es\"}]}<\/script>\n<!-- \/ Yoast SEO plugin. -->","yoast_head_json":{"title":"Qui sommes nous - La Senia","robots":{"index":"index","follow":"follow","max-snippet":"max-snippet:-1","max-image-preview":"max-image-preview:large","max-video-preview":"max-video-preview:-1"},"canonical":"https:\/\/lasenia.eu\/?page_id=71&lang=fr","og_locale":"es_ES","og_type":"article","og_title":"Qui sommes nous - La Senia","og_description":"Histoire Il y a long- longtemps, nous ne pouvions pas aller de vacances d\u2019\u00e9t\u00e9. Comme j\u2019\u00e9tais un peu triste, mon mari, par ailleurs encore mon copain, me disait que son grand-p\u00e8re avait un champ avec une petite cabane, et peut-\u00eatre on pouvait l\u2019arranger un peu et camper l\u00e0-bas ? 15 \u2026 Continue reading","og_url":"https:\/\/lasenia.eu\/?page_id=71&lang=fr","og_site_name":"La Senia","article_modified_time":"2016-08-20T15:44:01+00:00","twitter_card":"summary_large_image","twitter_misc":{"Tiempo de lectura":"1 minuto"},"schema":{"@context":"https:\/\/schema.org","@graph":[{"@type":"WebPage","@id":"https:\/\/lasenia.eu\/?page_id=71&lang=fr","url":"https:\/\/lasenia.eu\/?page_id=71&lang=fr","name":"Qui sommes nous - La Senia","isPartOf":{"@id":"https:\/\/lasenia.eu\/#website"},"datePublished":"2016-08-02T17:38:06+00:00","dateModified":"2016-08-20T15:44:01+00:00","breadcrumb":{"@id":"https:\/\/lasenia.eu\/?page_id=71&lang=fr#breadcrumb"},"inLanguage":"es","potentialAction":[{"@type":"ReadAction","target":["https:\/\/lasenia.eu\/?page_id=71&lang=fr"]}]},{"@type":"BreadcrumbList","@id":"https:\/\/lasenia.eu\/?page_id=71&lang=fr#breadcrumb","itemListElement":[{"@type":"ListItem","position":1,"name":"Portada","item":"https:\/\/lasenia.eu\/?lang=fr"},{"@type":"ListItem","position":2,"name":"Qui sommes nous"}]},{"@type":"WebSite","@id":"https:\/\/lasenia.eu\/#website","url":"https:\/\/lasenia.eu\/","name":"La Senia","description":"Decorando tu jard&iacute;n","potentialAction":[{"@type":"SearchAction","target":{"@type":"EntryPoint","urlTemplate":"https:\/\/lasenia.eu\/?s={search_term_string}"},"query-input":{"@type":"PropertyValueSpecification","valueRequired":true,"valueName":"search_term_string"}}],"inLanguage":"es"}]}},"_links":{"self":[{"href":"https:\/\/lasenia.eu\/index.php?rest_route=\/wp\/v2\/pages\/71"}],"collection":[{"href":"https:\/\/lasenia.eu\/index.php?rest_route=\/wp\/v2\/pages"}],"about":[{"href":"https:\/\/lasenia.eu\/index.php?rest_route=\/wp\/v2\/types\/page"}],"author":[{"embeddable":true,"href":"https:\/\/lasenia.eu\/index.php?rest_route=\/wp\/v2\/users\/1"}],"replies":[{"embeddable":true,"href":"https:\/\/lasenia.eu\/index.php?rest_route=%2Fwp%2Fv2%2Fcomments&post=71"}],"version-history":[{"count":2,"href":"https:\/\/lasenia.eu\/index.php?rest_route=\/wp\/v2\/pages\/71\/revisions"}],"predecessor-version":[{"id":250,"href":"https:\/\/lasenia.eu\/index.php?rest_route=\/wp\/v2\/pages\/71\/revisions\/250"}],"wp:attachment":[{"href":"https:\/\/lasenia.eu\/index.php?rest_route=%2Fwp%2Fv2%2Fmedia&parent=71"}],"curies":[{"name":"wp","href":"https:\/\/api.w.org\/{rel}","templated":true}]}}