{"id":91,"date":"2016-08-02T18:09:26","date_gmt":"2016-08-02T18:09:26","guid":{"rendered":"http:\/\/localhost:8080\/wordpress\/?page_id=91"},"modified":"2016-09-01T18:17:08","modified_gmt":"2016-09-01T18:17:08","slug":"produits","status":"publish","type":"page","link":"https:\/\/lasenia.eu\/?page_id=91&lang=fr","title":{"rendered":"Produits"},"content":{"rendered":"<div id=\"pl-91\"  class=\"panel-layout\" ><div id=\"pg-91-0\"  class=\"panel-grid panel-no-style\" ><div id=\"pgc-91-0-0\"  class=\"panel-grid-cell\" ><div id=\"panel-91-0-0-0\" class=\"so-panel widget widget_sow-editor panel-first-child\" data-index=\"0\" ><div\n\t\t\t\n\t\t\tclass=\"so-widget-sow-editor so-widget-sow-editor-base\"\n\t\t\t\n\t\t><h3 class=\"widget-title\">Flamants<\/h3>\n<div class=\"siteorigin-widget-tinymce textwidget\">\n\t<\/div>\n<\/div><\/div><div id=\"panel-91-0-0-1\" class=\"so-panel widget widget_sow-image\" data-index=\"1\" ><div\n\t\t\t\n\t\t\tclass=\"so-widget-sow-image so-widget-sow-image-default-8b5b6f678277-91\"\n\t\t\t\n\t\t>\n\n<div class=\"sow-image-container\">\n\t\t\t<a href=\"http:\/\/lasenia.eu\/index.php\/fr\/flamants\/\"\n\t\t\ttarget=\"_blank\" rel=\"noopener noreferrer\" \t\t>\n\t\t\t<img fetchpriority=\"high\" decoding=\"async\" src=\"https:\/\/lasenia.eu\/wp-content\/uploads\/2016\/08\/WidgetFlamingos.jpg\" width=\"318\" height=\"210\" srcset=\"https:\/\/lasenia.eu\/wp-content\/uploads\/2016\/08\/WidgetFlamingos.jpg 318w, https:\/\/lasenia.eu\/wp-content\/uploads\/2016\/08\/WidgetFlamingos-300x198.jpg 300w, https:\/\/lasenia.eu\/wp-content\/uploads\/2016\/08\/WidgetFlamingos-227x150.jpg 227w, https:\/\/lasenia.eu\/wp-content\/uploads\/2016\/08\/WidgetFlamingos-150x99.jpg 150w\" sizes=\"(max-width: 318px) 100vw, 318px\" title=\"Flamants\" alt=\"\" \t\tclass=\"so-widget-image\"\/>\n\t<\/a><\/div>\n\n<\/div><\/div><div id=\"panel-91-0-0-2\" class=\"so-panel widget widget_sow-editor panel-last-child\" data-index=\"2\" ><div\n\t\t\t\n\t\t\tclass=\"so-widget-sow-editor so-widget-sow-editor-base\"\n\t\t\t\n\t\t>\n<div class=\"siteorigin-widget-tinymce textwidget\">\n\t<p>Le produit vintage par excellence, nos flamants riants en rose plastique \u00a0vous rappelleront au bon c\u00f4t\u00e9 de la vie\u00a0! Deux mod\u00e8les\u00a0disponibles: un qui regarde en haut, un qui regarde bas.\u00a0<\/p>\n<\/div>\n<\/div><\/div><\/div><div id=\"pgc-91-0-1\"  class=\"panel-grid-cell\" ><div id=\"panel-91-0-1-0\" class=\"so-panel widget widget_sow-editor panel-first-child\" data-index=\"3\" ><div\n\t\t\t\n\t\t\tclass=\"so-widget-sow-editor so-widget-sow-editor-base\"\n\t\t\t\n\t\t><h3 class=\"widget-title\">Tapis d\u00b4ext\u00e9rieur<\/h3>\n<div class=\"siteorigin-widget-tinymce textwidget\">\n\t<\/div>\n<\/div><\/div><div id=\"panel-91-0-1-1\" class=\"so-panel widget widget_sow-image\" data-index=\"4\" ><div\n\t\t\t\n\t\t\tclass=\"so-widget-sow-image so-widget-sow-image-default-8b5b6f678277-91\"\n\t\t\t\n\t\t>\n\n<div class=\"sow-image-container\">\n\t\t\t<a href=\"http:\/\/lasenia.eu\/index.php\/fr\/tapis-exterieur\/\"\n\t\t\ttarget=\"_blank\" rel=\"noopener noreferrer\" \t\t>\n\t\t\t<img decoding=\"async\" src=\"https:\/\/lasenia.eu\/wp-content\/uploads\/2016\/08\/WidgetAlfombras.jpg\" width=\"318\" height=\"210\" srcset=\"https:\/\/lasenia.eu\/wp-content\/uploads\/2016\/08\/WidgetAlfombras.jpg 318w, https:\/\/lasenia.eu\/wp-content\/uploads\/2016\/08\/WidgetAlfombras-300x198.jpg 300w, https:\/\/lasenia.eu\/wp-content\/uploads\/2016\/08\/WidgetAlfombras-227x150.jpg 227w, https:\/\/lasenia.eu\/wp-content\/uploads\/2016\/08\/WidgetAlfombras-150x99.jpg 150w\" sizes=\"(max-width: 318px) 100vw, 318px\" title=\"Tapis d\u00b4ext\u00e9rieur\" alt=\"\" \t\tclass=\"so-widget-image\"\/>\n\t<\/a><\/div>\n\n<\/div><\/div><div id=\"panel-91-0-1-2\" class=\"so-panel widget widget_sow-editor panel-last-child\" data-index=\"5\" ><div\n\t\t\t\n\t\t\tclass=\"so-widget-sow-editor so-widget-sow-editor-base\"\n\t\t\t\n\t\t>\n<div class=\"siteorigin-widget-tinymce textwidget\">\n\t<p>Nos tapis exterieurs son fait de materiaux resistents qui resistent bien l\u2019entemp\u00e9rie: on peut les laisser dehors pendant tout l\u2019\u00e9t\u00e9. Pour les nettoyer, il suffit passer le tuyo d\u2019arrossage. Nous avons une grande gamme de m\u00e9sures et couleurs...<\/p>\n<\/div>\n<\/div><\/div><\/div><div id=\"pgc-91-0-2\"  class=\"panel-grid-cell\" ><div id=\"panel-91-0-2-0\" class=\"so-panel widget widget_sow-editor panel-first-child\" data-index=\"6\" ><div\n\t\t\t\n\t\t\tclass=\"so-widget-sow-editor so-widget-sow-editor-base\"\n\t\t\t\n\t\t><h3 class=\"widget-title\">Caisses en bois<\/h3>\n<div class=\"siteorigin-widget-tinymce textwidget\">\n\t<\/div>\n<\/div><\/div><div id=\"panel-91-0-2-1\" class=\"so-panel widget widget_sow-image\" data-index=\"7\" ><div\n\t\t\t\n\t\t\tclass=\"so-widget-sow-image so-widget-sow-image-default-8b5b6f678277-91\"\n\t\t\t\n\t\t>\n\n<div class=\"sow-image-container\">\n\t\t\t<a href=\"http:\/\/lasenia.eu\/index.php\/fr\/caisses\/\"\n\t\t\ttarget=\"_blank\" rel=\"noopener noreferrer\" \t\t>\n\t\t\t<img decoding=\"async\" src=\"https:\/\/lasenia.eu\/wp-content\/uploads\/2016\/08\/WidgetCajas.jpg\" width=\"318\" height=\"210\" srcset=\"https:\/\/lasenia.eu\/wp-content\/uploads\/2016\/08\/WidgetCajas.jpg 318w, https:\/\/lasenia.eu\/wp-content\/uploads\/2016\/08\/WidgetCajas-300x198.jpg 300w, https:\/\/lasenia.eu\/wp-content\/uploads\/2016\/08\/WidgetCajas-227x150.jpg 227w, https:\/\/lasenia.eu\/wp-content\/uploads\/2016\/08\/WidgetCajas-150x99.jpg 150w\" sizes=\"(max-width: 318px) 100vw, 318px\" title=\"Caisses en bois\" alt=\"\" \t\tclass=\"so-widget-image\"\/>\n\t<\/a><\/div>\n\n<\/div><\/div><div id=\"panel-91-0-2-2\" class=\"so-panel widget widget_sow-editor panel-last-child\" data-index=\"8\" ><div\n\t\t\t\n\t\t\tclass=\"so-widget-sow-editor so-widget-sow-editor-base\"\n\t\t\t\n\t\t>\n<div class=\"siteorigin-widget-tinymce textwidget\">\n\t<p>Les authentiques caisses de fruit en bois: en cru pour laquer comme vos autres meubles, ou compl\u00e8tement restaur\u00e9 pour nous, et fini en une style classique et vintage<\/p>\n<\/div>\n<\/div><\/div><\/div><\/div><div id=\"pg-91-1\"  class=\"panel-grid panel-no-style\" ><div id=\"pgc-91-1-0\"  class=\"panel-grid-cell\" ><div id=\"panel-91-1-0-0\" class=\"so-panel widget widget_sow-editor panel-first-child\" data-index=\"9\" ><div\n\t\t\t\n\t\t\tclass=\"so-widget-sow-editor so-widget-sow-editor-base\"\n\t\t\t\n\t\t><h3 class=\"widget-title\">Paniers<\/h3>\n<div class=\"siteorigin-widget-tinymce textwidget\">\n\t<\/div>\n<\/div><\/div><div id=\"panel-91-1-0-1\" class=\"so-panel widget widget_sow-image\" data-index=\"10\" ><div\n\t\t\t\n\t\t\tclass=\"so-widget-sow-image so-widget-sow-image-default-8b5b6f678277-91\"\n\t\t\t\n\t\t>\n\n<div class=\"sow-image-container\">\n\t\t\t<a href=\"http:\/\/lasenia.eu\/index.php\/fr\/paniers\/\"\n\t\t\ttarget=\"_blank\" rel=\"noopener noreferrer\" \t\t>\n\t\t\t<img loading=\"lazy\" decoding=\"async\" src=\"https:\/\/lasenia.eu\/wp-content\/uploads\/2016\/07\/WidgetCesta.jpg\" width=\"318\" height=\"250\" srcset=\"https:\/\/lasenia.eu\/wp-content\/uploads\/2016\/07\/WidgetCesta.jpg 318w, https:\/\/lasenia.eu\/wp-content\/uploads\/2016\/07\/WidgetCesta-300x236.jpg 300w, https:\/\/lasenia.eu\/wp-content\/uploads\/2016\/07\/WidgetCesta-191x150.jpg 191w, https:\/\/lasenia.eu\/wp-content\/uploads\/2016\/07\/WidgetCesta-150x118.jpg 150w\" sizes=\"(max-width: 318px) 100vw, 318px\" title=\"Paniers\" alt=\"\" \t\tclass=\"so-widget-image\"\/>\n\t<\/a><\/div>\n\n<\/div><\/div><div id=\"panel-91-1-0-2\" class=\"so-panel widget widget_sow-editor panel-last-child\" data-index=\"11\" ><div\n\t\t\t\n\t\t\tclass=\"so-widget-sow-editor so-widget-sow-editor-base\"\n\t\t\t\n\t\t>\n<div class=\"siteorigin-widget-tinymce textwidget\">\n\t<p>Dans la gamme de paniers nous avons plusieurs possibilit\u00e9s\u00a0: du mod\u00e8le basique \u00e0 un produit compl\u00e8tement fini et fait a main...<\/p>\n<\/div>\n<\/div><\/div><\/div><div id=\"pgc-91-1-1\"  class=\"panel-grid-cell\" ><div id=\"panel-91-1-1-0\" class=\"so-panel widget widget_sow-editor panel-first-child\" data-index=\"12\" ><div\n\t\t\t\n\t\t\tclass=\"so-widget-sow-editor so-widget-sow-editor-base\"\n\t\t\t\n\t\t><h3 class=\"widget-title\">Panneaux en bois<\/h3>\n<div class=\"siteorigin-widget-tinymce textwidget\">\n\t<\/div>\n<\/div><\/div><div id=\"panel-91-1-1-1\" class=\"so-panel widget widget_sow-image\" data-index=\"13\" ><div\n\t\t\t\n\t\t\tclass=\"so-widget-sow-image so-widget-sow-image-default-8b5b6f678277-91\"\n\t\t\t\n\t\t>\n\n<div class=\"sow-image-container\">\n\t\t\t<a href=\"http:\/\/lasenia.eu\/index.php\/fr\/panneaux-bois\/\"\n\t\t\ttarget=\"_blank\" rel=\"noopener noreferrer\" \t\t>\n\t\t\t<img loading=\"lazy\" decoding=\"async\" src=\"https:\/\/lasenia.eu\/wp-content\/uploads\/2016\/07\/WidgetCartel.jpg\" width=\"318\" height=\"210\" srcset=\"https:\/\/lasenia.eu\/wp-content\/uploads\/2016\/07\/WidgetCartel.jpg 318w, https:\/\/lasenia.eu\/wp-content\/uploads\/2016\/07\/WidgetCartel-300x198.jpg 300w, https:\/\/lasenia.eu\/wp-content\/uploads\/2016\/07\/WidgetCartel-227x150.jpg 227w, https:\/\/lasenia.eu\/wp-content\/uploads\/2016\/07\/WidgetCartel-150x99.jpg 150w\" sizes=\"(max-width: 318px) 100vw, 318px\" title=\"Panneaux en bois\" alt=\"\" \t\tclass=\"so-widget-image\"\/>\n\t<\/a><\/div>\n\n<\/div><\/div><div id=\"panel-91-1-1-2\" class=\"so-panel widget widget_sow-editor panel-last-child\" data-index=\"14\" ><div\n\t\t\t\n\t\t\tclass=\"so-widget-sow-editor so-widget-sow-editor-base\"\n\t\t\t\n\t\t>\n<div class=\"siteorigin-widget-tinymce textwidget\">\n\t<p>Fait \u00e0 main en Espagne, ces cartels en bois recycl\u00e9 sont une belle souvenir de l\u2019\u00e9t\u00e9, des amis, des vacances, du bar \u00e0 tapas, de la plage\u2026<\/p>\n<\/div>\n<\/div><\/div><\/div><div id=\"pgc-91-1-2\"  class=\"panel-grid-cell\" ><div id=\"panel-91-1-2-0\" class=\"so-panel widget widget_sow-editor panel-first-child\" data-index=\"15\" ><div\n\t\t\t\n\t\t\tclass=\"so-widget-sow-editor so-widget-sow-editor-base\"\n\t\t\t\n\t\t><h3 class=\"widget-title\">et beaucoup d'autre...<\/h3>\n<div class=\"siteorigin-widget-tinymce textwidget\">\n\t<\/div>\n<\/div><\/div><div id=\"panel-91-1-2-1\" class=\"so-panel widget widget_sow-editor panel-last-child\" data-index=\"16\" ><div\n\t\t\t\n\t\t\tclass=\"so-widget-sow-editor so-widget-sow-editor-base\"\n\t\t\t\n\t\t>\n<div class=\"siteorigin-widget-tinymce textwidget\">\n\t<p>Nous sommes toujours en train de chercher des produits int\u00e9ressants pour votre jardin. Ici nous postons touts les nouveaut\u00e9s\u00a0!<\/p>\n<\/div>\n<\/div><\/div><\/div><\/div><\/div>","protected":false},"excerpt":{"rendered":"<p>Le produit vintage par excellence, nos flamants riants en rose plastique \u00a0vous rappelleront au bon c\u00f4t\u00e9 de la vie\u00a0! Deux mod\u00e8les\u00a0disponibles: un qui regarde en haut, un qui regarde bas.\u00a0 Nos tapis exterieurs son fait de materiaux resistents qui resistent bien l\u2019entemp\u00e9rie: on peut les laisser dehors pendant tout l\u2019\u00e9t\u00e9. \u2026<\/p>\n<p class=\"continue-reading-button\"> <a class=\"continue-reading-link\" href=\"https:\/\/lasenia.eu\/?page_id=91&#038;lang=fr\">Continue reading<i class=\"crycon-right-dir\"><\/i><\/a><\/p>\n","protected":false},"author":1,"featured_media":0,"parent":0,"menu_order":2,"comment_status":"closed","ping_status":"closed","template":"templates\/template-onecolumn.php","meta":{"footnotes":""},"class_list":["post-91","page","type-page","status-publish","hentry"],"yoast_head":"<!-- This site is optimized with the Yoast SEO plugin v23.6 - https:\/\/yoast.com\/wordpress\/plugins\/seo\/ -->\n<title>Produits - La Senia<\/title>\n<meta name=\"robots\" content=\"index, follow, max-snippet:-1, max-image-preview:large, max-video-preview:-1\" \/>\n<link rel=\"canonical\" href=\"https:\/\/lasenia.eu\/?page_id=91&lang=fr\" \/>\n<meta property=\"og:locale\" content=\"es_ES\" \/>\n<meta property=\"og:type\" content=\"article\" \/>\n<meta property=\"og:title\" content=\"Produits - La Senia\" \/>\n<meta property=\"og:description\" content=\"Le produit vintage par excellence, nos flamants riants en rose plastique \u00a0vous rappelleront au bon c\u00f4t\u00e9 de la vie\u00a0! Deux mod\u00e8les\u00a0disponibles: un qui regarde en haut, un qui regarde bas.\u00a0 Nos tapis exterieurs son fait de materiaux resistents qui resistent bien l\u2019entemp\u00e9rie: on peut les laisser dehors pendant tout l\u2019\u00e9t\u00e9. \u2026 Continue reading\" \/>\n<meta property=\"og:url\" content=\"https:\/\/lasenia.eu\/?page_id=91&amp;lang=fr\" \/>\n<meta property=\"og:site_name\" content=\"La Senia\" \/>\n<meta property=\"article:modified_time\" content=\"2016-09-01T18:17:08+00:00\" \/>\n<meta property=\"og:image\" content=\"http:\/\/lasenia.eu\/wp-content\/uploads\/2016\/08\/WidgetFlamingos.jpg\" \/>\n<meta name=\"twitter:card\" content=\"summary_large_image\" \/>\n<meta name=\"twitter:label1\" content=\"Tiempo de lectura\" \/>\n\t<meta name=\"twitter:data1\" content=\"1 minuto\" \/>\n<script type=\"application\/ld+json\" class=\"yoast-schema-graph\">{\"@context\":\"https:\/\/schema.org\",\"@graph\":[{\"@type\":\"WebPage\",\"@id\":\"https:\/\/lasenia.eu\/?page_id=91&lang=fr\",\"url\":\"https:\/\/lasenia.eu\/?page_id=91&lang=fr\",\"name\":\"Produits - La Senia\",\"isPartOf\":{\"@id\":\"https:\/\/lasenia.eu\/#website\"},\"primaryImageOfPage\":{\"@id\":\"https:\/\/lasenia.eu\/?page_id=91&lang=fr#primaryimage\"},\"image\":{\"@id\":\"https:\/\/lasenia.eu\/?page_id=91&lang=fr#primaryimage\"},\"thumbnailUrl\":\"http:\/\/lasenia.eu\/wp-content\/uploads\/2016\/08\/WidgetFlamingos.jpg\",\"datePublished\":\"2016-08-02T18:09:26+00:00\",\"dateModified\":\"2016-09-01T18:17:08+00:00\",\"breadcrumb\":{\"@id\":\"https:\/\/lasenia.eu\/?page_id=91&lang=fr#breadcrumb\"},\"inLanguage\":\"es\",\"potentialAction\":[{\"@type\":\"ReadAction\",\"target\":[\"https:\/\/lasenia.eu\/?page_id=91&lang=fr\"]}]},{\"@type\":\"ImageObject\",\"inLanguage\":\"es\",\"@id\":\"https:\/\/lasenia.eu\/?page_id=91&lang=fr#primaryimage\",\"url\":\"https:\/\/lasenia.eu\/wp-content\/uploads\/2016\/08\/WidgetFlamingos.jpg\",\"contentUrl\":\"https:\/\/lasenia.eu\/wp-content\/uploads\/2016\/08\/WidgetFlamingos.jpg\",\"width\":318,\"height\":210},{\"@type\":\"BreadcrumbList\",\"@id\":\"https:\/\/lasenia.eu\/?page_id=91&lang=fr#breadcrumb\",\"itemListElement\":[{\"@type\":\"ListItem\",\"position\":1,\"name\":\"Portada\",\"item\":\"https:\/\/lasenia.eu\/?lang=fr\"},{\"@type\":\"ListItem\",\"position\":2,\"name\":\"Produits\"}]},{\"@type\":\"WebSite\",\"@id\":\"https:\/\/lasenia.eu\/#website\",\"url\":\"https:\/\/lasenia.eu\/\",\"name\":\"La Senia\",\"description\":\"Decorando tu jard&iacute;n\",\"potentialAction\":[{\"@type\":\"SearchAction\",\"target\":{\"@type\":\"EntryPoint\",\"urlTemplate\":\"https:\/\/lasenia.eu\/?s={search_term_string}\"},\"query-input\":{\"@type\":\"PropertyValueSpecification\",\"valueRequired\":true,\"valueName\":\"search_term_string\"}}],\"inLanguage\":\"es\"}]}<\/script>\n<!-- \/ Yoast SEO plugin. -->","yoast_head_json":{"title":"Produits - La Senia","robots":{"index":"index","follow":"follow","max-snippet":"max-snippet:-1","max-image-preview":"max-image-preview:large","max-video-preview":"max-video-preview:-1"},"canonical":"https:\/\/lasenia.eu\/?page_id=91&lang=fr","og_locale":"es_ES","og_type":"article","og_title":"Produits - La Senia","og_description":"Le produit vintage par excellence, nos flamants riants en rose plastique \u00a0vous rappelleront au bon c\u00f4t\u00e9 de la vie\u00a0! Deux mod\u00e8les\u00a0disponibles: un qui regarde en haut, un qui regarde bas.\u00a0 Nos tapis exterieurs son fait de materiaux resistents qui resistent bien l\u2019entemp\u00e9rie: on peut les laisser dehors pendant tout l\u2019\u00e9t\u00e9. \u2026 Continue reading","og_url":"https:\/\/lasenia.eu\/?page_id=91&lang=fr","og_site_name":"La Senia","article_modified_time":"2016-09-01T18:17:08+00:00","og_image":[{"url":"http:\/\/lasenia.eu\/wp-content\/uploads\/2016\/08\/WidgetFlamingos.jpg"}],"twitter_card":"summary_large_image","twitter_misc":{"Tiempo de lectura":"1 minuto"},"schema":{"@context":"https:\/\/schema.org","@graph":[{"@type":"WebPage","@id":"https:\/\/lasenia.eu\/?page_id=91&lang=fr","url":"https:\/\/lasenia.eu\/?page_id=91&lang=fr","name":"Produits - La Senia","isPartOf":{"@id":"https:\/\/lasenia.eu\/#website"},"primaryImageOfPage":{"@id":"https:\/\/lasenia.eu\/?page_id=91&lang=fr#primaryimage"},"image":{"@id":"https:\/\/lasenia.eu\/?page_id=91&lang=fr#primaryimage"},"thumbnailUrl":"http:\/\/lasenia.eu\/wp-content\/uploads\/2016\/08\/WidgetFlamingos.jpg","datePublished":"2016-08-02T18:09:26+00:00","dateModified":"2016-09-01T18:17:08+00:00","breadcrumb":{"@id":"https:\/\/lasenia.eu\/?page_id=91&lang=fr#breadcrumb"},"inLanguage":"es","potentialAction":[{"@type":"ReadAction","target":["https:\/\/lasenia.eu\/?page_id=91&lang=fr"]}]},{"@type":"ImageObject","inLanguage":"es","@id":"https:\/\/lasenia.eu\/?page_id=91&lang=fr#primaryimage","url":"https:\/\/lasenia.eu\/wp-content\/uploads\/2016\/08\/WidgetFlamingos.jpg","contentUrl":"https:\/\/lasenia.eu\/wp-content\/uploads\/2016\/08\/WidgetFlamingos.jpg","width":318,"height":210},{"@type":"BreadcrumbList","@id":"https:\/\/lasenia.eu\/?page_id=91&lang=fr#breadcrumb","itemListElement":[{"@type":"ListItem","position":1,"name":"Portada","item":"https:\/\/lasenia.eu\/?lang=fr"},{"@type":"ListItem","position":2,"name":"Produits"}]},{"@type":"WebSite","@id":"https:\/\/lasenia.eu\/#website","url":"https:\/\/lasenia.eu\/","name":"La Senia","description":"Decorando tu jard&iacute;n","potentialAction":[{"@type":"SearchAction","target":{"@type":"EntryPoint","urlTemplate":"https:\/\/lasenia.eu\/?s={search_term_string}"},"query-input":{"@type":"PropertyValueSpecification","valueRequired":true,"valueName":"search_term_string"}}],"inLanguage":"es"}]}},"_links":{"self":[{"href":"https:\/\/lasenia.eu\/index.php?rest_route=\/wp\/v2\/pages\/91"}],"collection":[{"href":"https:\/\/lasenia.eu\/index.php?rest_route=\/wp\/v2\/pages"}],"about":[{"href":"https:\/\/lasenia.eu\/index.php?rest_route=\/wp\/v2\/types\/page"}],"author":[{"embeddable":true,"href":"https:\/\/lasenia.eu\/index.php?rest_route=\/wp\/v2\/users\/1"}],"replies":[{"embeddable":true,"href":"https:\/\/lasenia.eu\/index.php?rest_route=%2Fwp%2Fv2%2Fcomments&post=91"}],"version-history":[{"count":10,"href":"https:\/\/lasenia.eu\/index.php?rest_route=\/wp\/v2\/pages\/91\/revisions"}],"predecessor-version":[{"id":408,"href":"https:\/\/lasenia.eu\/index.php?rest_route=\/wp\/v2\/pages\/91\/revisions\/408"}],"wp:attachment":[{"href":"https:\/\/lasenia.eu\/index.php?rest_route=%2Fwp%2Fv2%2Fmedia&parent=91"}],"curies":[{"name":"wp","href":"https:\/\/api.w.org\/{rel}","templated":true}]}}